{"id":3207,"date":"2019-03-13T02:12:10","date_gmt":"2019-03-13T02:12:10","guid":{"rendered":"http:\/\/amalus.com.pl\/new\/prefabrykacja-szaf-sterowniczych-2\/"},"modified":"2023-08-06T11:22:08","modified_gmt":"2023-08-06T11:22:08","slug":"programowanie-plc","status":"publish","type":"page","link":"https:\/\/amalus.com.pl\/new\/programowanie-plc\/","title":{"rendered":"Programowanie PLC"},"content":{"rendered":"<section class=\"wpb-content-wrapper\"><p>[vc_row][vc_column offset=&#8221;vc_hidden-lg vc_hidden-md vc_hidden-sm&#8221;][tm_image action=&#8221;custom_link&#8221; xs_align=&#8221;center&#8221; image=&#8221;3476&#8243; custom_link=&#8221;url:http%3A%2F%2Famalus.com.pl%2Fnew%2Fdofinansowanie%2F|title:Dofinansowanie&#8221;][\/vc_column][\/vc_row][vc_row][vc_column][tm_spacer size=&#8221;xs:30;sm:30;md:30;lg:60&#8243;][vc_column_text]<strong>Jeste\u015bmy r\u00f3wnie\u017c specjalistami w dziedzinie programowania PLC (Programmable Logic Controller).\u00a0<\/strong><\/p>\n<p>W tej dziedzinie czujemy si\u0119 mocni i chcemy si\u0119 rozwija\u0107. Programowanie PLC to kluczowy element w sterowaniu i automatyce przemys\u0142owej. Jako firma integratorska, oferujemy kompleksowe us\u0142ugi programowania PLC, kt\u00f3re mog\u0105 by\u0107 zastosowane w r\u00f3\u017cnych bran\u017cach i sektorach.[\/vc_column_text][tm_spacer size=&#8221;xs:30;sm:30;md:30;lg:50&#8243;][tm_heading custom_google_font=&#8221;&#8221; font_size=&#8221;xs:15;sm:25;md:25;lg:25&#8243;]Nasze do\u015bwiadczenie w programowaniu PLC obejmuje szeroki zakres zastosowa\u0144, w tym:[\/tm_heading][tm_spacer size=&#8221;xs:30;sm:30;md:30;lg:50&#8243;][tm_heading custom_google_font=&#8221;&#8221; font_size=&#8221;xs:14;sm:18;md:18;lg:18&#8243;]Automatyzacja proces\u00f3w przemys\u0142owych[\/tm_heading][tm_spacer size=&#8221;xs:30;sm:30;md:30;lg:25&#8243;][vc_column_text]Programowanie PLC umo\u017cliwia kontrol\u0119 i sterowanie procesami produkcyjnymi, takimi jak linie monta\u017cowe, maszyny do obr\u00f3bki, sortowniki, systemy transportowe itp. Dzi\u0119ki naszym rozwi\u0105zaniom, mo\u017cna osi\u0105gn\u0105\u0107 wi\u0119ksz\u0105 precyzj\u0119, efektywno\u015b\u0107, i optymalizacj\u0119 proces\u00f3w.[\/vc_column_text][tm_spacer size=&#8221;xs:30;sm:30;md:30;lg:25&#8243;][tm_heading custom_google_font=&#8221;&#8221; font_size=&#8221;xs:14;sm:18;md:18;lg:18&#8243;]Systemy sterowania HVAC[\/tm_heading][tm_spacer size=&#8221;xs:30;sm:30;md:30;lg:25&#8243;][vc_column_text]W przypadku sektora HVAC (Ogrzewanie, Wentylacja i Klimatyzacja), programowanie PLC jest niezwykle przydatne. Mo\u017cemy dostosowa\u0107 systemy sterowania HVAC do potrzeb Twojego obiektu, umo\u017cliwiaj\u0105c optymalne zarz\u0105dzanie temperatur\u0105, wilgotno\u015bci\u0105, wentylacj\u0105 i innymi parametrami, co prowadzi do oszcz\u0119dno\u015bci energii i komfortu u\u017cytkownik\u00f3w.[\/vc_column_text][tm_spacer size=&#8221;xs:30;sm:30;md:30;lg:25&#8243;][tm_heading custom_google_font=&#8221;&#8221; font_size=&#8221;xs:14;sm:18;md:18;lg:18&#8243;]Sterowanie urz\u0105dzeniami i maszynami przemys\u0142owymi[\/tm_heading][tm_spacer size=&#8221;xs:30;sm:30;md:30;lg:25&#8243;][vc_column_text]Dzi\u0119ki programowaniu PLC, mo\u017cemy zapewni\u0107 precyzyjne sterowanie r\u00f3\u017cnymi urz\u0105dzeniami przemys\u0142owymi, takimi jak wtryskarki, ci\u0105gniki, maszyny pakuj\u0105ce, roboty przemys\u0142owe i wiele innych. Nasze rozwi\u0105zania pozwalaj\u0105 na optymalne wykorzystanie tych maszyn, zwi\u0119kszaj\u0105c wydajno\u015b\u0107 i jako\u015b\u0107 produkcji.[\/vc_column_text][tm_spacer size=&#8221;xs:30;sm:30;md:30;lg:25&#8243;][tm_heading custom_google_font=&#8221;&#8221; font_size=&#8221;xs:14;sm:18;md:18;lg:18&#8243;]Systemy monitoringu i kontroli[\/tm_heading][tm_spacer size=&#8221;xs:30;sm:30;md:30;lg:25&#8243;][vc_column_text]Programowanie PLC mo\u017ce by\u0107 r\u00f3wnie\u017c wykorzystane do tworzenia system\u00f3w monitoringu i kontroli, kt\u00f3re umo\u017cliwiaj\u0105 nadz\u00f3r nad r\u00f3\u017cnymi parametrami i procesami w czasie rzeczywistym. Mo\u017cemy dostarczy\u0107 rozwi\u0105zania, kt\u00f3re umo\u017cliwi\u0105 zdalne monitorowanie, analiz\u0119 danych i podejmowanie decyzji na podstawie zebranych informacji.[\/vc_column_text][tm_spacer size=&#8221;xs:30;sm:30;md:30;lg:25&#8243;][tm_heading custom_google_font=&#8221;&#8221; font_size=&#8221;xs:14;sm:18;md:18;lg:18&#8243;]Urz\u0105dzenia IoT (Internet of Things)[\/tm_heading][tm_spacer size=&#8221;xs:30;sm:30;md:30;lg:25&#8243;][vc_column_text]W dzisiejszym zglobalizowanym \u015bwiecie, projektujemy i programujemy uk\u0142ady elektroniczne, kt\u00f3re integruj\u0105 si\u0119 z technologi\u0105 IoT. Nasze rozwi\u0105zania umo\u017cliwiaj\u0105 komunikacj\u0119 i wsp\u00f3\u0142prac\u0119 mi\u0119dzy urz\u0105dzeniami, zapewniaj\u0105c inteligentne i zautomatyzowane funkcje.[\/vc_column_text][tm_spacer size=&#8221;xs:30;sm:30;md:30;lg:25&#8243;][\/vc_column][\/vc_row]<\/p>\n<\/section>","protected":false},"excerpt":{"rendered":"<p>[vc_row][vc_column offset=&#8221;vc_hidden-lg vc_hidden-md vc_hidden-sm&#8221;][tm_image action=&#8221;custom_link&#8221; xs_align=&#8221;center&#8221; image=&#8221;3476&#8243; custom_link=&#8221;url:http%3A%2F%2Famalus.com.pl%2Fnew%2Fdofinansowanie%2F|title:Dofinansowanie&#8221;][\/vc_column][\/vc_row][vc_row][vc_column][tm_spacer size=&#8221;xs:30;sm:30;md:30;lg:60&#8243;][vc_column_text]Jeste\u015bmy r\u00f3wnie\u017c specjalistami w dziedzinie programowania PLC (Programmable Logic Controller).\u00a0 W tej dziedzinie czujemy si\u0119 mocni i chcemy si\u0119 rozwija\u0107. Programowanie PLC to kluczowy element w sterowaniu i automatyce przemys\u0142owej. Jako firma integratorska, oferujemy kompleksowe us\u0142ugi programowania PLC, kt\u00f3re mog\u0105 by\u0107 zastosowane w r\u00f3\u017cnych bran\u017cach i sektorach.[\/vc_column_text][tm_spacer size=&#8221;xs:30;sm:30;md:30;lg:50&#8243;][tm_heading custom_google_font=&#8221;&#8221; font_size=&#8221;xs:15;sm:25;md:25;lg:25&#8243;]Nasze do\u015bwiadczenie w programowaniu PLC obejmuje szeroki zakres zastosowa\u0144, w tym:[\/tm_heading][tm_spacer size=&#8221;xs:30;sm:30;md:30;lg:50&#8243;][tm_heading custom_google_font=&#8221;&#8221; font_size=&#8221;xs:14;sm:18;md:18;lg:18&#8243;]Automatyzacja proces\u00f3w przemys\u0142owych[\/tm_heading][tm_spacer size=&#8221;xs:30;sm:30;md:30;lg:25&#8243;][vc_column_text]Programowanie PLC umo\u017cliwia kontrol\u0119 i sterowanie procesami produkcyjnymi, takimi jak linie monta\u017cowe, maszyny do obr\u00f3bki, sortowniki, systemy transportowe itp. Dzi\u0119ki naszym rozwi\u0105zaniom, mo\u017cna osi\u0105gn\u0105\u0107 wi\u0119ksz\u0105 precyzj\u0119, efektywno\u015b\u0107, i optymalizacj\u0119 proces\u00f3w.[\/vc_column_text][tm_spacer size=&#8221;xs:30;sm:30;md:30;lg:25&#8243;][tm_heading custom_google_font=&#8221;&#8221; font_size=&#8221;xs:14;sm:18;md:18;lg:18&#8243;]Systemy sterowania HVAC[\/tm_heading][tm_spacer size=&#8221;xs:30;sm:30;md:30;lg:25&#8243;][vc_column_text]W przypadku sektora HVAC (Ogrzewanie, Wentylacja i Klimatyzacja), programowanie PLC jest niezwykle przydatne. Mo\u017cemy dostosowa\u0107 systemy sterowania HVAC do potrzeb Twojego obiektu, umo\u017cliwiaj\u0105c optymalne zarz\u0105dzanie temperatur\u0105, wilgotno\u015bci\u0105, wentylacj\u0105 i innymi parametrami, co prowadzi do oszcz\u0119dno\u015bci energii i komfortu u\u017cytkownik\u00f3w.[\/vc_column_text][tm_spacer size=&#8221;xs:30;sm:30;md:30;lg:25&#8243;][tm_heading custom_google_font=&#8221;&#8221; font_size=&#8221;xs:14;sm:18;md:18;lg:18&#8243;]Sterowanie urz\u0105dzeniami i maszynami przemys\u0142owymi[\/tm_heading][tm_spacer size=&#8221;xs:30;sm:30;md:30;lg:25&#8243;][vc_column_text]Dzi\u0119ki programowaniu PLC, mo\u017cemy zapewni\u0107 precyzyjne sterowanie r\u00f3\u017cnymi urz\u0105dzeniami przemys\u0142owymi, takimi jak wtryskarki, ci\u0105gniki, maszyny pakuj\u0105ce, roboty przemys\u0142owe i wiele innych. Nasze rozwi\u0105zania pozwalaj\u0105 na optymalne wykorzystanie tych maszyn, zwi\u0119kszaj\u0105c wydajno\u015b\u0107 i jako\u015b\u0107 produkcji.[\/vc_column_text][tm_spacer size=&#8221;xs:30;sm:30;md:30;lg:25&#8243;][tm_heading custom_google_font=&#8221;&#8221; font_size=&#8221;xs:14;sm:18;md:18;lg:18&#8243;]Systemy monitoringu i kontroli[\/tm_heading][tm_spacer size=&#8221;xs:30;sm:30;md:30;lg:25&#8243;][vc_column_text]Programowanie PLC mo\u017ce by\u0107 r\u00f3wnie\u017c wykorzystane do tworzenia system\u00f3w monitoringu i kontroli, kt\u00f3re umo\u017cliwiaj\u0105 nadz\u00f3r nad r\u00f3\u017cnymi parametrami i procesami w czasie rzeczywistym. Mo\u017cemy dostarczy\u0107 rozwi\u0105zania, kt\u00f3re umo\u017cliwi\u0105 zdalne monitorowanie, analiz\u0119 danych i podejmowanie decyzji na podstawie zebranych informacji.[\/vc_column_text][tm_spacer size=&#8221;xs:30;sm:30;md:30;lg:25&#8243;][tm_heading custom_google_font=&#8221;&#8221; font_size=&#8221;xs:14;sm:18;md:18;lg:18&#8243;]Urz\u0105dzenia IoT (Internet of Things)[\/tm_heading][tm_spacer size=&#8221;xs:30;sm:30;md:30;lg:25&#8243;][vc_column_text]W dzisiejszym zglobalizowanym \u015bwiecie, projektujemy i programujemy uk\u0142ady elektroniczne, kt\u00f3re integruj\u0105 si\u0119 z technologi\u0105 IoT. Nasze rozwi\u0105zania umo\u017cliwiaj\u0105 komunikacj\u0119 i wsp\u00f3\u0142prac\u0119 mi\u0119dzy urz\u0105dzeniami, zapewniaj\u0105c inteligentne i zautomatyzowane funkcje.[\/vc_column_text][tm_spacer size=&#8221;xs:30;sm:30;md:30;lg:25&#8243;][\/vc_column][\/vc_row]<\/p>\n","protected":false},"author":1,"featured_media":0,"parent":0,"menu_order":0,"comment_status":"closed","ping_status":"closed","template":"","meta":{"footnotes":""},"_links":{"self":[{"href":"https:\/\/amalus.com.pl\/new\/wp-json\/wp\/v2\/pages\/3207"}],"collection":[{"href":"https:\/\/amalus.com.pl\/new\/wp-json\/wp\/v2\/pages"}],"about":[{"href":"https:\/\/amalus.com.pl\/new\/wp-json\/wp\/v2\/types\/page"}],"author":[{"embeddable":true,"href":"https:\/\/amalus.com.pl\/new\/wp-json\/wp\/v2\/users\/1"}],"replies":[{"embeddable":true,"href":"https:\/\/amalus.com.pl\/new\/wp-json\/wp\/v2\/comments?post=3207"}],"version-history":[{"count":8,"href":"https:\/\/amalus.com.pl\/new\/wp-json\/wp\/v2\/pages\/3207\/revisions"}],"predecessor-version":[{"id":3637,"href":"https:\/\/amalus.com.pl\/new\/wp-json\/wp\/v2\/pages\/3207\/revisions\/3637"}],"wp:attachment":[{"href":"https:\/\/amalus.com.pl\/new\/wp-json\/wp\/v2\/media?parent=3207"}],"curies":[{"name":"wp","href":"https:\/\/api.w.org\/{rel}","templated":true}]}}