{"id":3227,"date":"2019-03-13T02:12:10","date_gmt":"2019-03-13T02:12:10","guid":{"rendered":"http:\/\/amalus.com.pl\/new\/automatyka-biogazowni-2-2-2-2\/"},"modified":"2023-08-06T11:22:44","modified_gmt":"2023-08-06T11:22:44","slug":"wizualizacje-i-systemy-scada","status":"publish","type":"page","link":"https:\/\/amalus.com.pl\/new\/wizualizacje-i-systemy-scada\/","title":{"rendered":"Wizualizacje i systemy SCADA"},"content":{"rendered":"<section class=\"wpb-content-wrapper\"><p>[vc_row][vc_column offset=&#8221;vc_hidden-lg vc_hidden-md vc_hidden-sm&#8221;][tm_image action=&#8221;custom_link&#8221; xs_align=&#8221;center&#8221; image=&#8221;3476&#8243; custom_link=&#8221;url:http%3A%2F%2Famalus.com.pl%2Fnew%2Fdofinansowanie%2F|title:Dofinansowanie&#8221;][\/vc_column][\/vc_row][vc_row][vc_column][tm_spacer size=&#8221;xs:30;sm:30;md:30;lg:60&#8243;][vc_column_text]Specjalizujemy si\u0119 w tworzeniu system\u00f3w SCADA. Jako niezale\u017cny dostawca, jeste\u015bmy w stanie stworzy\u0107 wszystko od podstaw, zgodnie z indywidualnymi potrzebami klienta. Nasza oferta obejmuje kompleksowe rozwi\u0105zania, kt\u00f3re umo\u017cliwiaj\u0105 monitorowanie, kontrol\u0119 i zarz\u0105dzanie procesami produkcyjnymi w czasie rzeczywistym.<\/p>\n<p>W ramach naszych projekt\u00f3w, mieli\u015bmy przyjemno\u015b\u0107 wsp\u00f3\u0142pracowa\u0107 z firm\u0105 produkuj\u0105c\u0105 uk\u0142ady wydechowe. Wdro\u017cyli\u015bmy system SCADA, kt\u00f3ry zapewnia\u0142 pe\u0142n\u0105 kontrol\u0119 nad liniami produkcyjnymi, monitorowanie parametr\u00f3w technologicznych oraz zbieranie i analiz\u0119 danych produkcyjnych. Dzi\u0119ki temu rozwi\u0105zaniu, firma zyska\u0142a efektywniejsze zarz\u0105dzanie procesami, optymalizacj\u0119 wydajno\u015bci oraz szybk\u0105 reakcj\u0119 na wszelkie awarie czy nieprawid\u0142owo\u015bci.<\/p>\n<p>Nasz zesp\u00f3\u0142 sk\u0142ada si\u0119 z do\u015bwiadczonych in\u017cynier\u00f3w, kt\u00f3rzy posiadaj\u0105 szerok\u0105 wiedz\u0119 techniczn\u0105 i umiej\u0119tno\u015bci programistyczne. Dzi\u0119ki temu jeste\u015bmy w stanie dostosowa\u0107 system SCADA do unikalnych potrzeb klienta, tworz\u0105c rozwi\u0105zanie, kt\u00f3re idealnie odpowiada specyfice ich proces\u00f3w produkcyjnych. Naszym celem jest zapewnienie naszym klientom nowoczesnych narz\u0119dzi do zarz\u0105dzania i kontroli, kt\u00f3re przek\u0142adaj\u0105 si\u0119 na wzrost efektywno\u015bci, popraw\u0119 jako\u015bci i oszcz\u0119dno\u015bci.<\/p>\n<p>Wierzymy, \u017ce systemy SCADA s\u0105 kluczowym elementem w dzisiejszych dynamicznych i zautomatyzowanych \u015brodowiskach produkcyjnych. Dzi\u0119ki naszym rozwi\u0105zaniom, firmy mog\u0105 w pe\u0142ni wykorzysta\u0107 potencja\u0142 swoich linii produkcyjnych, monitorowa\u0107 i optymalizowa\u0107 procesy w czasie rzeczywistym oraz podejmowa\u0107 szybkie i trafne decyzje. Nasza niezale\u017cno\u015b\u0107 daje nam swobod\u0119 w tworzeniu spersonalizowanych rozwi\u0105za\u0144 SCADA, kt\u00f3re spe\u0142niaj\u0105 najwy\u017csze standardy jako\u015bci i bezpiecze\u0144stwa.[\/vc_column_text][tm_spacer size=&#8221;xs:30;sm:30;md:30;lg:100&#8243;][\/vc_column][\/vc_row]<\/p>\n<\/section>","protected":false},"excerpt":{"rendered":"<p>[vc_row][vc_column offset=&#8221;vc_hidden-lg vc_hidden-md vc_hidden-sm&#8221;][tm_image action=&#8221;custom_link&#8221; xs_align=&#8221;center&#8221; image=&#8221;3476&#8243; custom_link=&#8221;url:http%3A%2F%2Famalus.com.pl%2Fnew%2Fdofinansowanie%2F|title:Dofinansowanie&#8221;][\/vc_column][\/vc_row][vc_row][vc_column][tm_spacer size=&#8221;xs:30;sm:30;md:30;lg:60&#8243;][vc_column_text]Specjalizujemy si\u0119 w tworzeniu system\u00f3w SCADA. Jako niezale\u017cny dostawca, jeste\u015bmy w stanie stworzy\u0107 wszystko od podstaw, zgodnie z indywidualnymi potrzebami klienta. Nasza oferta obejmuje kompleksowe rozwi\u0105zania, kt\u00f3re umo\u017cliwiaj\u0105 monitorowanie, kontrol\u0119 i zarz\u0105dzanie procesami produkcyjnymi w czasie rzeczywistym. W ramach naszych projekt\u00f3w, mieli\u015bmy przyjemno\u015b\u0107 wsp\u00f3\u0142pracowa\u0107 z firm\u0105 produkuj\u0105c\u0105 uk\u0142ady wydechowe. Wdro\u017cyli\u015bmy system SCADA, kt\u00f3ry zapewnia\u0142 pe\u0142n\u0105 kontrol\u0119 nad liniami produkcyjnymi, monitorowanie parametr\u00f3w technologicznych oraz zbieranie i analiz\u0119 danych produkcyjnych. Dzi\u0119ki temu rozwi\u0105zaniu, firma zyska\u0142a efektywniejsze zarz\u0105dzanie procesami, optymalizacj\u0119 wydajno\u015bci oraz szybk\u0105 reakcj\u0119 na wszelkie awarie czy nieprawid\u0142owo\u015bci. Nasz zesp\u00f3\u0142 sk\u0142ada si\u0119 z do\u015bwiadczonych in\u017cynier\u00f3w, kt\u00f3rzy posiadaj\u0105 szerok\u0105 wiedz\u0119 techniczn\u0105 i umiej\u0119tno\u015bci programistyczne. Dzi\u0119ki temu jeste\u015bmy w stanie dostosowa\u0107 system SCADA do unikalnych potrzeb klienta, tworz\u0105c rozwi\u0105zanie, kt\u00f3re idealnie odpowiada specyfice ich proces\u00f3w produkcyjnych. Naszym celem jest zapewnienie naszym klientom nowoczesnych narz\u0119dzi do zarz\u0105dzania i kontroli, kt\u00f3re przek\u0142adaj\u0105 si\u0119 na wzrost efektywno\u015bci, popraw\u0119 jako\u015bci i oszcz\u0119dno\u015bci. Wierzymy, \u017ce systemy SCADA s\u0105 kluczowym elementem w dzisiejszych dynamicznych i zautomatyzowanych \u015brodowiskach produkcyjnych. Dzi\u0119ki naszym rozwi\u0105zaniom, firmy mog\u0105 w pe\u0142ni wykorzysta\u0107 potencja\u0142 swoich linii produkcyjnych, monitorowa\u0107 i optymalizowa\u0107 procesy w czasie rzeczywistym oraz podejmowa\u0107 szybkie i trafne decyzje. Nasza niezale\u017cno\u015b\u0107 daje nam swobod\u0119 w tworzeniu spersonalizowanych rozwi\u0105za\u0144 SCADA, kt\u00f3re spe\u0142niaj\u0105 najwy\u017csze standardy jako\u015bci i bezpiecze\u0144stwa.[\/vc_column_text][tm_spacer size=&#8221;xs:30;sm:30;md:30;lg:100&#8243;][\/vc_column][\/vc_row]<\/p>\n","protected":false},"author":1,"featured_media":0,"parent":0,"menu_order":0,"comment_status":"closed","ping_status":"closed","template":"","meta":{"footnotes":""},"_links":{"self":[{"href":"https:\/\/amalus.com.pl\/new\/wp-json\/wp\/v2\/pages\/3227"}],"collection":[{"href":"https:\/\/amalus.com.pl\/new\/wp-json\/wp\/v2\/pages"}],"about":[{"href":"https:\/\/amalus.com.pl\/new\/wp-json\/wp\/v2\/types\/page"}],"author":[{"embeddable":true,"href":"https:\/\/amalus.com.pl\/new\/wp-json\/wp\/v2\/users\/1"}],"replies":[{"embeddable":true,"href":"https:\/\/amalus.com.pl\/new\/wp-json\/wp\/v2\/comments?post=3227"}],"version-history":[{"count":7,"href":"https:\/\/amalus.com.pl\/new\/wp-json\/wp\/v2\/pages\/3227\/revisions"}],"predecessor-version":[{"id":3639,"href":"https:\/\/amalus.com.pl\/new\/wp-json\/wp\/v2\/pages\/3227\/revisions\/3639"}],"wp:attachment":[{"href":"https:\/\/amalus.com.pl\/new\/wp-json\/wp\/v2\/media?parent=3227"}],"curies":[{"name":"wp","href":"https:\/\/api.w.org\/{rel}","templated":true}]}}